k - 2*g = -456. What is the tens digit of k?
2
Let t(o) = o**2 - 2*o - 10. Let x be t(-10). Suppose 75 = 5*i + 4*g, 5*i - 4*g + g = x. Let k = i - 9. What is the tens digit of k?
1
Let q(m) = m**3 - 7*m**2 - 8*m - 10. Let z be q(8). Let c = z - -10. Suppose c = -3*d - g + 108, d + 4*d - 160 = 5*g. What is the tens digit of d?
3
Suppose -2*p = 2, -p = -2*h - 3 + 4. Suppose 0 = -5*j - 5*r - 15, 5*r + h*r + 23 = 3*j. Suppose 0 = k - 3 + j. What is the units digit of k?
2
Suppose t - 8 + 9 = 0. What is the units digit of (t - -8)*-1*-1?
7
Let x(a) = 0*a - 5 - 1 + 2*a - 3*a. Let f be x(-9). Suppose -n - f*n = -112. What is the tens digit of n?
2
Suppose -4*g = 2*n + 88, -3*g = n - 11 + 76. What is the tens digit of ((50/(-3))/1)/(g/189)?
5
Suppose -40*w = 2227 - 34947. What is the hundreds digit of w?
8
What is the tens digit of -2 - (-8)/(24/651)?
1
Suppose 3482 = 6*b + 1088. What is the tens digit of b?
9
Suppose -4*o = -2*k - 20, 5*o + 15 = -2*k + 8*o. Suppose -5*c + 2*b = -809, k*c + c = b + 160. What is the tens digit of c?
6
Let y = -1087 + 1943. What is the units digit of y/24 + (-6)/9?
5
Suppose -1 = -t + 2*o - 0, -9 = -2*t - 3*o. Let y(d) = 4*d**2 + 3*d**2 - 4 - d + t*d**2 + 0*d. What is the tens digit of y(2)?
3
Let w = 172 + 183. What is the units digit of w?
5
Let h = 120 + -215. What is the hundreds digit of (-927)/(-5) + 38/h?
1
Let z(b) = -b + 19. Let f(k) = -k**2 - 6*k - 4. Let t be f(-4). Suppose 5 = 4*s + 4*w - 27, t*s - w = 32. What is the tens digit of z(s)?
1
Suppose -4*m + 2*t = -2830, -7*t + 3*t + 4 = 0. What is the units digit of m?
8
Suppose 5*f - 2169 = 1571. Suppose 5*z - f = 142. What is the tens digit of z?
7
Let a = 997 + -518. What is the tens digit of a?
7
Suppose -2*c + f = -628, 3*c - 2*f - 585 = 359. What is the hundreds digit of c?
3
Suppose -5*b = -5*y - 2770, -4*b + 2202 = y + 2*y. What is the units digit of b/(12/3) + 4?
2
Let a(c) = 79*c**3 - 4*c**2 + 3*c - 2. Let h be a(2). Suppose 85*t + h = 89*t. What is the hundreds digit of t?
1
What is the tens digit of (-40155)/(-50) + 2/(-20)?
0
Suppose -2*m = 5*q - 1899, 4*m - 1141 = -3*q + 2*m. Let g = q - 241. What is the tens digit of g?
3
Let i(r) = -r**3 + 12*r**2 + r - 9. Let f be i(12). Let d be 5 + (f - 3) + 1. Suppose -2*q - x = -15, -4*x + 2*x = d. What is the units digit of q?
9
Suppose -3*t - 1097 + 2805 = h, 567 = t - 2*h. What is the units digit of t?
9
Suppose 0*w + 10 = 2*w. Suppose 5*x - 3*k = 4 + 19, 0 = -w*x - 2*k + 18. Suppose x*y - 12 = y - i, -4*y = i - 16. What is the units digit of y?
4
Suppose -3*a = -a - 8. Suppose 646 = 4*g + a*j + 182, -340 = -3*g - j. What is the tens digit of g?
1
Let w(f) = f**2 + 2*f - 1. Let l be w(2). Suppose y - l = -5*x, -3*y + y + 2 = 4*x. What is the tens digit of (-6 + 4)*(y + -13)?
3
Let r(c) = -c**2 - 16*c + 11. Let l(w) = 6*w**2 + 81*w - 54. Let q(d) = -2*l(d) - 11*r(d). What is the units digit of q(12)?
1
Let s(x) = -733*x - 62. What is the thousands digit of s(-7)?
5
Suppose 2*f - 2*z = 2210, 0 = 8*f - 5*f - 2*z - 3314. What is the hundreds digit of f?
1
Suppose 27*j - 13*j - 2884 = 0. What is the units digit of j?
6
Let t(m) = m**2 + 30*m - 93. What is the units digit of t(-37)?
6
Suppose 0 = -2*n + 4*n - 6, 5*a + 3*n - 2589 = 0. What is the units digit of a?
6
Suppose 0 = w - 3*w + 4. What is the tens digit of (w + -21)*-1 + 2?
2
What is the tens digit of 1048 + 3 - (-30 - -28)?
5
What is the units digit of (151 - -6)*(2 - 0)?
4
Let s = -219 + 139. Let j = s + 190. Suppose 73 = 5*y - 2*y - i, 0 = 5*y - 4*i - j. What is the units digit of y?
6
Let d(l) = -l**3 - 11*l**2 - l + 9. Let w(v) = -v - 1. Let q be w(-1). Suppose 3*c + 53 = -5*m, 2*c - 2*m + 7 + 7 = q. What is the units digit of d(c)?
0
Let p = 0 + 3. Suppose 0 = -p*n + 2*n - 21. Let i = -15 - n. What is the units digit of i?
6
Let f(l) = 3*l**3 - 2*l**2 - 3*l + 2. Let m be f(2). Let b be (3 - 45/m)*-4. Suppose 4*z - 5*y - 9 = 29, 5*y - 46 = -b*z. What is the tens digit of z?
1
Let p = -770 + 1907. What is the thousands digit of p?
1
Let z = 39 - -6. What is the units digit of z?
5
Suppose 0 = 5*b, 3*o + 2*b - 6 = -0. Suppose q - 4*z + 9 = 4*q, 4*q - 2 = -o*z. What is the tens digit of 37 - (0/q - -3)?
3
Let g be (-4)/(64/84)*(-60 + 0). Let h = -213 + g. What is the tens digit of h?
0
Suppose -2*n = -5*n + 75. Let d = 32 + -29. Suppose -n - 2 = -d*h. What is the units digit of h?
9
Let d(b) = 20*b + 12. Let h be d(1). Let i(f) = f + 79. What is the units digit of i(h)?
1
What is the tens digit of (11671/33 - (4 - -1))*3?
4
Let c(v) = -v**2 + 11*v - 13. Let m be c(13). Let h = m - -142. What is the hundreds digit of h?
1
Let l be -18*(2 + -1) + -4. Let z = 176 - l. What is the hundreds digit of z?
1
Let r(o) = o**3 + 9*o**2 - 7. Let g be r(-9). Let l(f) = f**3 + 8*f**2 + 3*f**3 - 13 + 0 - f - 3*f**3. What is the units digit of l(g)?
3
Suppose -4*o - 4*v + 415 = v, 191 = 2*o - 3*v. Let t = -59 + o. What is the tens digit of t?
4
Let b(z) = -13*z - 28. Suppose -s - 6 - 5 = 0. What is the units digit of b(s)?
5
Let x(n) = -4*n + 44. Let a be (3/1 + -33)*(-2)/(-4). What is the units digit of x(a)?
4
Let f = -47 + 46. What is the tens digit of 1 + 159 + (6/f - -8)?
6
Suppose 3*k = 498 + 372. Let q = k - 108. What is the hundreds digit of q?
1
Let z be (8/(-6))/((-4)/6). Let l(i) = 11 + 2*i - z*i - 2*i + 3*i. What is the units digit of l(0)?
1
What is the hundreds digit of 21/84 + (-16334)/(-8)?
0
Let j = 1 + 3. Suppose -c + 3*t + 8 = -12, -j*c = 3*t - 5. What is the tens digit of (-12)/30 + 102/c?
2
Suppose -4*s + 4*v + 28 = 0, -4*s + 4*v - v + 26 = 0. Suppose 15 = -s*t + 165. What is the units digit of t?
0
Suppose -10*y = 12*y - 18656. What is the units digit of y?
8
Let z(n) = n**3 - 6*n**2 + 3*n + 3. Let l be z(5). Let f(j) = j**2 - 5*j + 3. What is the tens digit of f(l)?
8
Let h(v) = 2*v**2 - 3*v - 11. Let z be h(4). Let f = z + 36. What is the tens digit of f?
4
Let t = 2036 + -540. What is the thousands digit of t?
1
Suppose 772 = 4*a - 600. What is the units digit of a?
3
Let t = -17 - -14. What is the units digit of (-33)/132 + (3198/(-8))/t?
3
Let l = -30 - -21. What is the tens digit of (l + 14)/((-2)/(-36))?
9
Let u(v) = 2*v**3 + 61*v**2 - 33*v + 29. What is the hundreds digit of u(-30)?
9
Suppose 2*h + 34 = w, 4*h = 2*w + 2*h - 62. Suppose 21*k = w*k - 1771. What is the units digit of k?
3
Let z(o) = o**2 - 8*o + 36. Let x(i) = -i**3 - 3*i**2 - 9. Let k be x(-4). What is the units digit of z(k)?
9
Let g = -20 - -29. Let x be ((-5)/(-2))/(g/18). Suppose -j = -x*j + 44. What is the units digit of j?
1
Let p = 20 - 10. Let v = p - 8. What is the tens digit of -87*(-1)/3 + v?
3
Let m(a) = -a**2 - 12*a + 14. Let u be m(-10). Suppose -2*r - 2 = -u. What is the tens digit of 6*(2 + r/12)?
2
Let d(t) = 47*t**2 - 18*t**2 + 11*t + 3 - 22*t**2. What is the units digit of d(-3)?
3
Let h(s) = -12*s - 9. Let k(n) = 3*n + 10. Let r be k(-5). What is the units digit of h(r)?
1
Let p(i) = 2*i**3 - 107*i**2 + 116*i + 14. What is the units digit of p(53)?
3
Let n(l) be the third derivative of -1/40*l**6 + 2*l**2 - 1/24*l**4 + 1/6*l**3 + 0*l**5 + 0 + 0*l. What is the units digit of n(-2)?
7
Suppose 250 = 2*y - 30. Let h = y - 100. What is the tens digit of h?
4
Let j be (-15)/(-10)*(-4)/(-6) + 4. Suppose j*f - 361 = -y - y, 535 = 3*y + f. What is the units digit of y?
8
Suppose 0 = 4*x, 0*l = -3*l - 4*x + 15. Suppose -3077 = -l*r - 12*r. What is the hundreds digit of r?
1
Let c = 526 + -362. Suppose -o - 54 = -4*x + c, -3*x + 160 = o. Suppose -3*d + x = v + 2*v, 2*v = 2*d + 16. What is the tens digit of v?
1
Let g(f) = -f**3 + 35*f**2 - 51*f + 102. What is the tens digit of g(33)?
9
Let k(y) = -y**3 + 11*y**2 + y + 2341. What is the units digit of k(0)?
1
Let a(w) = -73*w. Let l(i) = -i + 1. Let k be l(2). Let y be a(k). Let c = y - 30. What is the units digit of c?
3
Let i(j) = j**3 - j**2 - 44*j + 81. What is the units digit of i(14)?
3
Let m(t) = -12*t - 4. Let n be m(2). What is the units digit of 4 + 0 - (-77 - n)?
3
What is the units digit of -4 + (1154/1 - (2 - -4))?
4
Let d(m) = -21*m**3 + m**2 + 5. Let p be d(2). What is the tens digit of -2*(4 - p/(-6))?
4
Suppose -59 + 21 = a + 2*x, 0 = 2*a + 5*x + 81. Let r be a/(-10) - 1/(-5). Suppose r*b = -